 60 - 5?
52
In base 14, what is 2 - 9?
-7
In base 13, what is 32 - 20?
12
In base 2, what is 11111110 - 10?
11111100
In base 16, what is -2 - -2?
0
In base 5, what is -10130 + 0?
-10130
In base 14, what is 488 + 8?
492
In base 5, what is 32 - 3?
24
In base 7, what is 4251 - 2?
4246
In base 11, what is 11 + 120?
131
In base 6, what is 151 - 14?
133
In base 10, what is -27 + -3?
-30
In base 4, what is 212 + -102?
110
In base 13, what is -5 + 5?
0
In base 7, what is 400 - 0?
400
In base 11, what is 2 + -38?
-36
In base 5, what is 10 + 212?
222
In base 2, what is -110011 + 10?
-110001
In base 12, what is -5 - 55a?
-563
In base 12, what is 4 + -258?
-254
In base 6, what is 1542 + 11?
1553
In base 10, what is 1 - -835?
836
In base 2, what is 100001 + -111?
11010
In base 3, what is 111000 + -1011?
102212
In base 9, what is -3 + -3157?
-3161
In base 15, what is 4 + -83?
-7e
In base 6, what is 3 - 541?
-534
In base 10, what is -4 + -57?
-61
In base 14, what is -6 + 13a?
134
In base 10, what is 1335 - 23?
1312
In base 11, what is -4a6 + a?
-497
In base 11, what is -107 - -2?
-105
In base 13, what is -196 - -4?
-192
In base 3, what is 102 - -1?
110
In base 7, what is 3623 - 2?
3621
In base 9, what is 28 - -3?
32
In base 13, what is -88 - 5?
-90
In base 4, what is 110101 + 1?
110102
In base 14, what is 8 + -2?
6
In base 6, what is 13 - -253?
310
In base 2, what is -1100011001 - 1000?
-1100100001
In base 9, what is -1423 + -1?
-1424
In base 11, what is 462 - 2?
460
In base 15, what is -8a + -4?
-8e
In base 4, what is -3 + -22?
-31
In base 5, what is -4 + 10043?
10034
In base 15, what is 4 + -57a?
-576
In base 9, what is -1611 - -1?
-1610
In base 10, what is -3406 - 4?
-3410
In base 9, what is -42 + 5?
-36
In base 6, what is -1 + -125?
-130
In base 6, what is -2041 - -5?
-2032
In base 7, what is 31 + 33?
64
In base 8, what is -5 - 1335?
-1342
In base 15, what is -5 - 29?
-2e
In base 7, what is 1 - 365?
-364
In base 9, what is 104 - -500?
604
In base 15, what is 2 + -4?
-2
In base 15, what is 4e + -4c?
2
In base 2, what is 1100 - -1100?
11000
In base 8, what is 27455 + -1?
27454
In base 2, what is 110011 + 101101?
1100000
In base 5, what is 43 + 111?
204
In base 14, what is 134 - c?
126
In base 9, what is 2074 + 2?
2076
In base 16, what is d50 + -1?
d4f
In base 7, what is -16045 - -1?
-16044
In base 4, what is 31 + -1013?
-322
In base 3, what is 2 - 1210?
-1201
In base 11, what is 86 + 55?
130
In base 16, what is 1 + -51?
-50
In base 7, what is -4 - 433?
-440
In base 12, what is -15b + -31?
-190
In base 8, what is 12446 - 4?
12442
In base 14, what is 3 + -1b2?
-1ad
In base 2, what is 10 + -100100101?
-100100011
In base 3, what is -110222021 + 0?
-110222021
In base 7, what is 64 - -10?
104
In base 3, what is 200 - 1112?
-212
In base 2, what is -11010 - 0?
-11010
In base 4, what is -302221 + -20?
-302301
In base 9, what is -2 - -555?
553
In base 11, what is -8 + -52a?
-537
In base 7, what is -1360 + -4?
-1364
In base 14, what is 5 - -12?
17
In base 14, what is 83c - -5?
843
In base 4, what is 102122 + -3?
102113
In base 10, what is -294 + 1?
-293
In base 4, what is 21212 + -3?
21203
In base 16, what is -b2b - 0?
-b2b
In base 14, what is c - -7a?
88
In base 10, what is 16 - -1224?
1240
In base 8, what is -1 - -2527?
2526
In base 3, what is 11 - -1010?
1021
In base 15, what is 16 + -1d6?
-1c0
In base 14, what is -165 - -1?
-164
In base 15, what is -19a - -9?
-191
In base 9, what is -161 + 26?
-134
In base 11, what is 4 - -626?
62a
In base 4, what is 21 + -31?
-10
In base 15, what is 39 + 15?
4e
In base 8, what is -373 - -105?
-266
In base 3, what is 102 + -1221100?
-1220221
In base 13, what is -3a - 5?
-42
In base 8, what is -1126 - 55?
-1203
In base 9, what is 715 - 5?
710
In base 15, what is -3 + -208?
-20b
In base 10, what is -31 - -267?
236
In base 12, what is 5 - -83?
88
In base 4, what is -203 - 1?
-210
In base 7, what is -213 - 2?
-215
In base 12, what is -b + -14?
-23
In base 15, what is -5 - a?
-10
In base 10, what is -2 + -1308?
-1310
In base 12, what is 60 - 18b?
-12b
In base 14, what is -19a86 - 3?
-19a89
In base 12, what is -5 - -24?
1b
In base 4, what is -20323 + 22?
-20301
In base 10, what is 16 - 213?
-197
In base 2, what is 1100000010 + 11?
1100000101
In base 8, what is -236 - 0?
-236
In base 6, what is 20 + -331?
-311
In base 12, what is 3ab + -5?
3a6
In base 7, what is -111 - -3?
-105
In base 15, what is -b28 + -3?
-b2b
In base 15, what is 1d4 - 3?
1d1
In base 4, what is 1111 + -11?
1100
In base 10, what is 0 + 96?
96
In base 3, what is -2 - -1010111?
1010102
In base 10, what is 415 + 1?
416
In base 8, what is 500 + -4?
474
In base 2, what is 100001000 + -11?
100000101
In base 10, what is -726 - -4?
-722
In base 10, what is -13 + -9?
-22
In base 5, what is 1 + 113332?
113333
In base 11, what is -46 - 25?
-70
In base 9, what is 14 - 3?
11
In base 13, what is b667 + 4?
b66b
In base 7, what is 1400 + 0?
1400
In base 13, what is -a7 + -84?
-15b
In base 16, what is a - -547?
551
In base 14, what is -4 - -a6?
a2
In base 3, what is 10020 + -102?
2211
In base 8, what is 0 + -160?
-160
In base 16, what is -4f6 - -2?
-4f4
In base 2, what is 1001 - 101010?
-100001
In base 6, what is -3031 - -5?
-3022
In base 13, what is -2 - -144?
142
In base 6, what is 144 + 0?
144
In base 14, what is -66 - 7?
-6d
In base 4, what is -3012112 - -2?
-3012110
In base 5, what is 2 - 21?
-14
In base 3, what is 2120100 - 2?
2120021
In base 4, what is 21 - -13?
100
In base 16, what is -d - 22?
-2f
In base 10, what is 21 - -26?
47
In base 10, what is 659 - -2?
661
In base 2, what is -10001101 + 111?
-10000110
In base 12, what is 1 - 164?
-163
In base 12, what is -5 + -43?
-48
In base 11, what is 1 - -155?
156
In base 9, what is 1014 + 5?
1020
In base 8, what is 27 - -126?
155
In base 8, what is -2266 - 3?
-2271
In base 10, what is -3 + -3216?
-3219
In base 3, what is -2 - 2?
-11
In base 6, what is -1 + -403?
-404
In base 4, what is 112 - 1?
111
In base 2, what is 10 - 11110?
-11100
In base 11, what is -345 - -5?
-340
In base 7, what is 24 - 2?
22
In base 12, what is 1575 + -4?
1571
In base 4, what is 11210 - 3?
11201
In base 9, what is 10 - -4?
14
In base 4, what is 10133 - 11?
10122
In base 13, what is -3 - -27?
24
In base 12, what is -3a + -3?
-41
In base 4, what is -11 + 123031?
123020
In base 8, what is -5 + 11?
4
In base 13, what is 4419 + 0?
4419
In base 10, what is -790 + -9?
-799
In base 13, what is 4 + -3c?
-38
In base 14, what is -5 - -1d?
18
In base 5, what is 1011 - 200?
311
In base 3, what is -1202001 + 20?
-1201211
In base 12, what is -3 - 461?
-464
In base 7, what is 5 + -5?
0
In base 12, what is -1066 + 1?
-1065
In base 16, what is -3 + -3c?
-3f
In base 7, what is 1344 + 5?
1352
In base 14, what is -1dd + 1d?
-1c0
In base 15, what is -7b + 2?
-79
In base 10, what is -84 + 0?
-84
In base 12, what is 2 - 5b2?
-5b0
In base 13, what is -75 - -9b?
26
In base 2, what is 1100001001 + 11?
1100001100
In base 10, what is -6 + 27?
21
In base 15, what is -7 + 1d?
16
In base 12, what is 5a + 9b?
139
In base 10, what is 6 + -56?
-50
In base 9, what is 4 - -2528?
2533
In base 7, what is -2 - 5630?
-5632
In base 3, what is 202 - 121112?
-120210
In base 5, what is -14 + -34?
-103
In base 9, what is 4 - 1234?
-1230
In base 9, what is -1 + 76?
75
In base 8, what is 7 - -41?
50
In base 11, what is 7 - 18?
-11
In base 14, what is 389 - -6?
391
In base 15, what is 2 + -a7?
-a5
In base 8, what is -21141 - -5?
-21134
In base 3, what is 10 - -2111000?
2111010
In base 13, what is b36b - -5?
b373
In base 7, what is 11 - 221?
-210
In base 13, what is 1a + -108?
-bb
In base 15, what is -3 - -e1?
dd
In base 8, what is -17420 - 5?
-17425
In base 10, what is -50 + 118?
68
In base 2, what is 11 - -100101110?
100110001
In base 9, what is 2 + -362?
-360
In base 16, what is -d7 - -12?
-c5
In base 7, what is -2506 + -12?
-2521
In base 5, what is -13 - 22?
-40
In base 6, what is -2153 + 2?
-2151
In base 14, what is -18 + 325?
30b
In base 14, what is cbb - -4?
cc1
In base 16, what is 63 + 2?
65
In base 7, what is -3062 + -5?
-3100
In base 10, what is -7 + -2?
-9
In base 6, what is -110 + 32?
-34
In base 13, what is 1 - -80?
81
In base 9, what is -3 - -32?
28
In base 10, what is 4240 + 4?
4244
In